et a(d) = 89*d - 117. Let i(p) = -4*a(p) + 15*l(p). Calculate i(-8).
1
Let h(i) = 2*i + 1. Let p be (0 - 15/(-5)) + 1*-50. Let y = p + 47. Suppose 2*g + 4*z = 3*z - 3, y = -3*g - 2*z - 5. Give h(g).
-1
Let v(x) = 8*x - 4*x - 8*x + 3 - 15 + 5*x. What is v(-4)?
-16
Let o = -6969 + 6970. Let s(t) = -6*t + 1. Calculate s(o).
-5
Let o(g) = 8*g + 55. Let n be 165/(-22) + 2/(-4). Determine o(n).
-9
Let r(a) = 3*a**3 - 2*a + 2. Let p(b) = -b**2 + 43*b - 154. Let i be p(39). Suppose 0*m = -2*m + i. Calculate r(m).
3
Let n(a) be the second derivative of a**4/12 + 3*a**3/2 + 4*a**2 - 4957*a. Suppose -3*u + 8*u - y + 34 = 0, 0 = 5*u - 2*y + 38. Give n(u).
-10
Let d(b) = 128*b - 890. Let v be d(7). Let q(t) be the third derivative of -1/15*t**5 + 0*t - 1/2*t**3 - 17*t**2 + 0 - 1/12*t**4 + 1/120*t**v. What is q(4)?
-11
Let g(y) = 2*y**2 - 7*y + 7. Suppose -6948 + 1264 = -14*h. Let s = 412 - h. What is g(s)?
37
Let x(m) = m**3 - 7*m**2 + 3*m + 10. Suppose 2*w - 8 = -3*o, -5*w + 26*o - 28*o + 20 = 0. Calculate x(w).
-26
Let b(l) be the second derivative of -l**3/2 - 4*l**2 + 40*l. Calculate b(-7).
13
Suppose -57*l + 106 = 4 - 12. Let h(j) be the second derivative of 1/2*j**l + 1/6*j**4 + 0 + 28*j + 1/20*j**5 - 1/3*j**3. Give h(-3).
-2
Let a = 4 - -6. Let w be -3 + a - 8/2. Let r(m) = m**3 - 7*m**2 + 8*m - 3. Let k(p) = 2*p**3 - 14*p**2 + 16*p - 5. Let j(o) = w*k(o) - 7*r(o). Give j(6).
-6
Let o(v) = -v + 4. Let a(h) = 7*h - h**2 - 2*h**3 + 3*h**2 - 4*h - 4 + 6. Let j be a(-1). Give o(j).
1
Let l(b) = -8*b + 53. Let t(u) = u + 1. Let z(x) = -2*l(x) - 6*t(x). Let d be z(11). Let k(i) = i + 1. Determine k(d).
-1
Let h(m) = 2*m + 18. Let k = 475 - 461. Suppose 5*y + 2*x = -54, -k*y + 36 = -16*y + 4*x. Give h(y).
-6
Let f(l) = 3*l**2 + 28*l - 54. Let j(q) = 2*q**2 + 29*q - 74. Let a(y) = -4*f(y) + 3*j(y). Give a(-3).
15
Let i(y) be the first derivative of 43 + 5/2*y**2 - 6*y - 1/3*y**3. Let k(s) = s + 11. Let j be k(-6). Calculate i(j).
-6
Let y(t) = 5*t**2 - 30*t + 11. Suppose -8 = -x - 2*f, -x - 4 + 6 = -4*f. Give y(x).
11
Let r be (15/2)/((-518)/1036). Let m(y) = -y**2 + 2*y - 7*y - 9*y + 9. Give m(r).
-6
Suppose -3*x - p = 1 - 6, 0 = 2*x + 5*p + 14. Suppose 3*i - 76 = 4*h, -2*i = -x*i + 4*h + 20. Let k(y) = i*y + 28*y - 57*y. Give k(-4).
4
Let b(f) = 10 - f + 7*f**2 - 1 + 0 - f**3. Suppose -2*o - 2*d = -14 + 8, 4*o - 24 = -d. Let n be b(o). Let h(y) = -3*y**2 + 3*y - 1. What is h(n)?
-7
Let s be 1/3 - (-20)/(-6). Let p(v) = v**3 + 6*v**2 + 2*v + 6. Let c(x) = -5 - 2 + x + x**2 + 17 - 9. Let l(b) = 4*c(b) - p(b). Determine l(s).
1
Suppose -392*m + 386*m = 1386. Let z = m - -243. Let t(g) = g - 8. What is t(z)?
4
Let d = -500 + 502. Let o(y) = d - 4 + y + 14 - 5 - 3. Calculate o(-3).
1
Let a = -39 + 35. Let l be a/(-6)*(0 - -3) + 2. Let z(c) = -4 + 0 - 5 - l + c. Calculate z(9).
-4
Let k(l) = 4 + 3186*l**2 - 3184*l**2 - 12*l + 14. Determine k(7).
32
Let n = 6 + -3. Let k(t) = -n*t + 3 + 33*t - 28*t - t**3. Let d be (-32)/14 + 4/14. Give k(d).
7
Let h(t) = -t - 131. Let w be h(12). Let z = -145 - w. Let a(g) = 1 + g + 0 + 2*g**2 - 3*g**2. Calculate a(z).
-5
Let w be 23/(-2) - (-12)/(-8). Let k(x) = x**3 + 13*x**2 - 2*x - 20. Give k(w).
6
Let l(a) = 0 - 5 + 2*a + 2 + 1. Let d(i) = -i**3 + 4*i**2 + 24*i - 21. Let o be d(7). Suppose -8*k + 6*k + 13 = -5*t, o = -5*t - 5. Give l(k).
6
Let a(f) be the second derivative of f**4/12 - f**3/6 + 3*f**2 - 88*f. Calculate a(0).
6
Let a(z) = -z**3 - 3*z**2 + 7*z + 1. Suppose -11*c + 6*c - 21 = d, d - 9 = c. Give a(c).
16
Let t = 5 - 0. Let y(b) = -15*b + 3. Let g(q) be the third derivative of -q**4/3 + q**3/6 + q**2. Let s(v) = t*g(v) - 3*y(v). What is s(-3)?
-19
Let p(a) = -5*a**2 - 9*a + 14. Let s(j) = -3*j**2 + 28*j + 19. Let q(y) = 3*y + 1. Let v(m) = -22*q(m) + 2*s(m). Let x(d) = -5*p(d) + 4*v(d). What is x(-8)?
18
Let s(n) = 7*n - 2. Let g(j) = -49*j. Let f(h) = -g(h) - 6*s(h). Determine f(-7).
-37
Let p(t) = -67*t**2 - 56*t**2 + 259*t**2 - 66*t**2 - t - 66*t**2. Suppose -2*a + 7 = 9. Calculate p(a).
5
Let w(o) = -o**3 + 7*o**2 + 5. Let n(v) = 9*v + 4 - 1 + 0 - 8. Let k be n(0). Let x be ((-14)/15*-3)/((-2)/k). Determine w(x).
5
Suppose -2*l + w = 5, 8 = -5*l + w - 9. Let p(v) be the second derivative of 0 + 3*v**2 + 35*v + v**3 + 1/20*v**5 + 5/12*v**4. Calculate p(l).
-2
Let k = -24 + 34. Let o = k - 7. Suppose -o*r = 2*r. Let i(j) = j**2 + j - 6. Give i(r).
-6
Let a(j) be the first derivative of -j**3/3 + 2*j + 1333. Let k = 4 - 0. Let m = k - 4. Determine a(m).
2
Suppose -7 - 5 = -4*n. Suppose 19 = n*r - 5. Let x(a) be the third derivative of a**5/60 - a**4/3 - 5*a**3/3 + 254*a**2. Calculate x(r).
-10
Let l(k) = 20 - 27 - 25 - 5 - 27 + 35*k + 2*k**2. What is l(-20)?
36
Let b = -7933 + 7933. Let r(v) be the third derivative of 0 + 5/24*v**4 - 11*v**2 + b*v - 1/60*v**5 - 1/6*v**3. Determine r(6).
-7
Let d(l) = l**3 - 7*l**2 + 3*l - 6. Suppose -10*p + 15*p - 956 = -4*k, -4*p + 4*k = -772. Suppose 198 = x + p. What is d(x)?
-24
Let x(d) = -11*d**3 - 216*d**2 + 51*d + 58. Let v(h) = -7*h**3 - 134*h**2 + 34*h + 39. Let t(s) = 8*v(s) - 5*x(s). Calculate t(10).
-8
Suppose -5*w - 2*j = -144, 25 - 148 = -4*w + j. Suppose 14*s = 9*s + w. Let n(k) = 4 - s*k**2 + 5*k**2 + 2*k + 3. Calculate n(5).
-8
Let n(d) = d**2 + 1. Let a(t) = t**3 - 4*t**2 + 3*t + 15. Let y(c) = -a(c) + 4*n(c). Determine y(8).
-35
Let q(m) = -2*m**3 - 13*m**2 + 7*m + 2. Let o(z) = -7*z - 35. Let h be o(-4). Let x be q(h). Let s(i) = -i**3 + 3*i + 2. Calculate s(x).
0
Let s(q) = 7*q**3 - 3*q**2 + 3*q - 7. Let r = 18 - 24. Let z(o) = 8*o**3 - 4*o**2 + 4*o - 8. Let n(c) = r*s(c) + 5*z(c). Let w = 66 - 68. Give n(w).
6
Let w be (-18)/5 - (-2)/(-5). Let d(p) be the third derivative of -p**4/8 - p**3 - 265*p**2 + 1. What is d(w)?
6
Let g(a) = -a**3 + 3*a**2 + 4*a - 3. Let p(l) = l**3 + 9*l**2 + 11*l + 2. Let x = -60 - -54. Let n be p(x). Suppose 4*h = -32 + n. Give g(h).
9
Let r(s) = -s**2 + 4*s - 3. Let y be r(3). Let h(o) = 4*o - 301. Let j(t) = -t + 154. Let c(g) = h(g) + 2*j(g). Determine c(y).
7
Let x = -25 - -27. Suppose -3*r - x = -5*l - 0, 5*l = -2*r - 18. Let d(s) = -5*s + 3. Let z(b) = -b - 1. Let g(q) = -d(q) + 2*z(q). Give g(r).
-17
Let a(l) = 2*l**2 - 13*l + 14. Let c be a(11). Let h = -107 + c. Let d(w) = 11*w - 14*w - 2 + h. Determine d(-8).
28
Suppose 4*c - 5*a + 4 = -9*a, -3*c = -a - 9. Suppose 4*p + 2*x = -c, 0 = -3*p - 10*x + 5*x + 2. Let o(k) = -15*k - 1. Give o(p).
14
Let i be (-11)/4 + 7/(-28) + 13. Let t = i + -7. Let l be 1/(5/(-27 - t)). Let r(g) = g + 3. Calculate r(l).
-3
Let q(s) = -10*s**2 - 3*s + 1. Let h(p) be the second derivative of p**4/12 - 3*p**3 - 19*p**2 + 113*p + 1. Let n be h(20). Determine q(n).
-45
Let h(x) = -2*x - 5. Let o(b) = -b - 4. Let c be o(-4). Let t = -4661 + 4686. Suppose q - 6*q - t = c. Determine h(q).
5
Let d be (-4)/(-3) + (-8)/(-12). Suppose d*v = -v. Let r(a) = 2 + 72*a - 39*a - 1 - 34*a. What is r(v)?
1
Let t(r) = 6*r**3 - 50*r - 7*r**3 - 13 + 1066*r**2 - 1046*r**2. Give t(17).
4
Let w(m) = -m - 12. Suppose -45 = 15*k - 0. Let y(q) = -q - 11. Let s(a) = k*y(a) + 2*w(a). What is s(-15)?
-6
Let f(u) = -3*u + 3. Let k(c) = -2*c**2 + 3*c + 20. Let i be k(0). Let d(y) = -2*y**2 + 39*y + 13. Let q be d(i). What is f(q)?
24
Let m(z) = -29*z**2 + 2*z - 39. Let t(q) = 40*q**2 - 3*q + 52. Let a(k) = 11*m(k) + 8*t(k). Determine a(5).
2
Let v(d) be the third derivative of d**6/120 + 7*d**5/60 + 5*d**4/8 + 37*d**3/6 - 1754*d**2 - 3*d - 2. Calculate v(-6).
-17
Let d = 157376 - 157375. Let p(r) be the first derivative of -3*r**2/2 - 2*r - 1. Calculate p(d).
-5
Suppose 0 = -3*t - 3 - 6. Suppose -4*v - 5*p = -32, -v + 2*p = 4*p - 11. Let n(l) = -1 + l**v - 3*l**2 + 9*l**2 - 3*l**2 - 3*l. Give n(t).
8
Let f(o) be the first derivative of 1/3*o**3 + 0*o + o**2 - 75. Let p(w) = -w**2 + 14*w - 18. Let q be p(13). Give f(q).
15
Let r(t) = 2*t - t**2 - 805 + 16*t - 811 + 1626. What is r(19)?
-9
Suppose -262 = -22*c - 196. Let x(h) = -h**3 + 30259*h + 3*h**2 - 30254*h + 2*h**c + 4. Determine x(-4).
-32
Let k(i) = -i - 19. Let x(t) = 14*t**2 - 67*t - 33. Let c be x(5). Calculate k(c).
-1
Let c be (5 - (-2 - 15/(-2)))*-22. Suppose -2*p = -w - 9, -2*w - 5*p = -c - 16. Let a(n) = 4*n. Give a(w).
4
Let k(o) = -55*o**2 + 61*o + 38.